 85. What is a(-18)?
-31
Let m(i) = -9*i**2 - 903*i - 5875. Calculate m(-7).
5
Let p(l) = l**3 + 379*l**2 + 2641*l + 23. Give p(-7).
-236
Let a(m) = m**2 + 3528*m + 302716. Determine a(-88).
-4
Let n(w) = 3130*w**2 + 46946*w - 54. Calculate n(-15).
6
Let q(l) = -4*l**2 + 2109*l + 6341. Determine q(-3).
-22
Let v(g) = -6*g**3 + 53*g**2 + 201*g - 14. Give v(-3).
22
Let i(j) = -1788*j - 10666. Determine i(-6).
62
Let t(v) = -2*v**3 - 12*v**2 + 1064*v + 6397. Determine t(-6).
13
Let n(m) = 3*m**2 - 30*m - 645. Give n(-10).
-45
Let x(a) = 247*a + 31164. Determine x(-127).
-205
Let x(b) = -36405*b - 364044. Give x(-10).
6
Let g(h) = 1239*h**3 + 5*h**2 - 579*h + 573. What is g(1)?
1238
Let g(a) = -362*a + 63843. What is g(177)?
-231
Let m(p) = 267*p**2 - 48*p - 98. What is m(-1)?
217
Let d(b) = 209*b**3 - 26*b**2 + 86*b - 57. Determine d(1).
212
Let t(x) = -159859*x + 4795767. What is t(30)?
-3
Let z(n) = -9*n**2 + 96*n + 931. Calculate z(-13).
-1838
Let f(j) = 4330*j + 90907. What is f(-21)?
-23
Let p(z) = 4369*z - 134883. Calculate p(30).
-3813
Let f(t) = -220*t**2 + 8132*t + 294. Determine f(37).
-2
Let m(s) = 9*s**3 - 58*s**2 + 5*s + 29. What is m(8)?
965
Let j(d) = -3*d**3 - 144*d**2 - 23*d - 505. What is j(-48)?
599
Let m(i) = -i**2 + 62*i + 1678. What is m(57)?
1963
Let w(j) = -13*j**2 + 244*j + 7. Calculate w(-2).
-533
Let g(v) = -130939*v + 9820436. Calculate g(75).
11
Let i(h) = h**3 + 168*h**2 + 492*h - 897. What is i(-165)?
-402
Let p(l) = 85*l**2 - 25928*l + 921. Determine p(305).
6
Let l(c) = -227*c + 68247. What is l(300)?
147
Let c(n) = -406*n + 3284. Give c(8).
36
Let x(n) = -n**3 + 291*n**2 - 2759*n + 545761. Give x(288).
1
Let t(w) = -w**3 - 94*w**2 - 2064*w + 829. Give t(-36).
-35
Let g(i) = -2*i**3 - 166*i**2 - 1337*i - 10283. What is g(-75)?
-8
Let p(i) = 4*i**2 + 106*i - 173. What is p(-30)?
247
Let y(u) = -u**2 + 756*u + 137056. Determine y(-151).
99
Let d(c) = 7*c**2 - 335*c - 1370. What is d(52)?
138
Let q(a) = 3*a**2 - 85*a + 433. Calculate q(23).
65
Let o(a) = 51*a**3 - 1623*a**2 - 159*a - 4123. Determine o(32).
5
Let y(t) = 68*t - 161. Give y(7).
315
Let a(q) = 1260*q - 415775. What is a(330)?
25
Let s(v) = 336*v - 74970. Give s(224).
294
Let t(v) = 58060*v - 464203. What is t(8)?
277
Let n(t) = -5*t**3 + 7*t**2 + 111*t - 18. What is n(5)?
87
Let s(f) = -54062*f + 1135295. Calculate s(21).
-7
Let n(o) = -10*o**3 + 53*o**2 + 152*o - 111. Give n(-3).
180
Let k(a) = -a**3 - 28*a**2 - 25*a + 20. What is k(-29)?
1586
Let t(o) = -10719*o + 3333612. Give t(311).
3
Let k(f) = f**3 - f**2 - 15*f + 174. Give k(7).
363
Let y(s) = -s**3 - 83*s**2 + 1040*s - 89. Give y(11).
-23
Let r(w) = 254360*w + 763086. Determine r(-3).
6
Let w(t) = 976*t + 33233. What is w(-34)?
49
Let a(s) = 2*s**3 + 109*s**2 - 1917*s - 6. Give a(14).
8
Let z(b) = -1689*b**2 - 5*b + 16. What is z(1)?
-1678
Let b(g) = 176*g - 897. What is b(21)?
2799
Let f(i) = 771*i + 100215. Determine f(-130).
-15
Let s(d) = 65437*d - 8310527. Determine s(127).
-28
Let l(m) = -64*m**3 - 14078*m**2 + 376*m - 14072. What is l(-220)?
8
Let n(m) = -m**2 + 177*m - 7064. Calculate n(116).
12
Let x(t) = 5*t**3 + 44*t**2 - 360*t - 71. What is x(-15)?
-1646
Let o(y) = 12*y**3 + 548*y**2 - 199*y - 696. Calculate o(-46).
-6
Let m(t) = -t**2 + 10493*t - 20985. Determine m(2).
-3
Let w(s) = -25*s**2 - 784*s + 4517. Give w(5).
-28
Let o(p) = 60*p**3 + 1747*p**2 + 206*p + 94. Calculate o(-29).
7
Let c(k) = -213830*k + 1710526. Calculate c(8).
-114
Let q(h) = -4*h**3 + 2*h**2 - 103*h + 484. Calculate q(5).
-481
Let g(r) = -5251*r - 519845. Calculate g(-99).
4
Let z(r) = 8*r**3 + 19*r**2 - 2709*r - 2726. Give z(-1).
-6
Let q(h) = 1271*h - 345767. Determine q(272).
-55
Let l(h) = h**2 - 155*h + 2547. What is l(105)?
-2703
Let c(a) = -113*a**3 + 905*a**2 + 11*a - 3. Determine c(8).
149
Let c(o) = -o**3 + 53*o**2 + 1649*o + 3. Determine c(-22).
25
Let x(q) = q**3 - 20*q**2 - 128062*q - 753. What is x(368)?
-17
Let c(q) = 1109*q + 193138. Calculate c(-174).
172
Let p(w) = -2*w**3 - 87*w**2 + 7050*w - 316. Determine p(-85).
109
Let c(b) = -b**3 - 49*b**2 + 217*b - 13671. Calculate c(-57).
-48
Let y(l) = 7953*l + 157677. Calculate y(-20).
-1383
Let d(x) = 341*x**2 - 137085*x - 171. What is d(402)?
-1377
Let s(j) = 17185*j - 378066. Calculate s(22).
4
Let k(p) = p**3 + 27*p**2 - 1023*p - 21438. What is k(-18)?
-108
Let g(s) = -1338*s + 693046. Calculate g(518).
-38
Let u(g) = 6206*g - 384766. Determine u(62).
6
Let b(q) = -16026*q - 2371844. Give b(-148).
4
Let v(r) = 15*r**3 + 130*r**2 - 6*r - 78. Calculate v(-8).
610
Let m(n) = -n**2 - 1998*n - 221838. What is m(-118)?
2
Let l(u) = 2*u**3 - 68*u**2 - 3349*u + 113851. What is l(34)?
-15
Let k(r) = -r**2 + 95346*r - 762705. Give k(8).
-1
Let o(i) = -i**3 - 191*i**2 + 594*i + 2344. Determine o(-194).
16
Let c(f) = 137*f + 40062. Give c(-277).
2113
Let d(q) = -9*q**2 - 1723*q - 82302. Calculate d(-93).
96
Let y(g) = 1003*g**2 - 5022*g + 33. What is y(5)?
-2
Let n(g) = 496*g**2 + 376*g + 34. Give n(-1).
154
Let m(y) = 173*y - 8391. What is m(47)?
-260
Let o(l) = -l**2 - 834*l - 13114. Calculate o(-16).
-26
Let r(h) = 183*h - 95700. Determine r(523).
9
Let h(y) = 165*y**2 - 58903*y - 719. What is h(357)?
-5
Let y(h) = 35*h**2 + 463*h + 4859. What is y(-11)?
4001
Let v(a) = 272*a**2 + 63066*a - 8812. What is v(-232)?
4
Let t(r) = -70089*r - 16751287. Give t(-239).
-16
Let t(h) = -h**3 - 98*h**2 - 550*h + 303. Calculate t(-92).
119
Let h(a) = -117054*a + 1989919. What is h(17)?
1
Let h(i) = 45*i + 251. What is h(2)?
341
Let j(t) = 2744*t**2 - 1190896*t + 7. What is j(434)?
7
Let p(x) = -1338275*x - 5353093. Determine p(-4).
7
Let l(v) = 1452*v**2 - 124*v + 124. Give l(1).
1452
Let z(f) = -4*f**3 - 297*f**2 - 81*f - 1959. Determine z(-74).
-1441
Let n(o) = -7*o**3 + 283*o**2 - 879*o - 455. Calculate n(37).
-122
Let v(m) = 5*m**3 + 1891*m**2 + 329*m - 18421. What is v(-378)?
101
Let d(g) = -9736*g + 408905. Determine d(42).
-7
Let q(m) = m**2 + 579*m + 35820. Calculate q(-79).
-3680
Let s(f) = 46*f**3 + 32478*f**2 + 1414*f + 1426. Give s(-706).
14
Let o(u) = 1177*u - 105122. Calculate o(90).
808
Let n(g) = -2*g**3 - 471*g**2 - 356*g - 27877. What is n(-235)?
558
Let n(m) = 12*m**3 + 2*m**2 + 11*m + 28. What is n(-6)?
-2558
Let j(l) = -922*l + 373400. What is j(405)?
-10
Let h(w) = w**3 + w**2 + 65*w - 549. Determine h(0).
-549
Let f(i) = i**3 - 28*i**2 + 944*i - 26427. Give f(28).
5
Let z(a) = 2*a**3 - 45*a**2 + 62*a - 1235. What is z(23)?
720
Let m(j) = -1861*j + 107960. Determine m(58).
22
Let p(n) = 644*n**2 - 163*n - 167. Determine p(-1).
640
Let s(i) = -3*i**2 - 371*i + 18836. Calculate s(44).
-3296
Let g(n) = -176*n**2 - 68*n + 120. Calculate g(3).
-1668
Let m(n) = -33*n**3 + 157*n**2 - 177*n + 1061. Determine m(5).
-24
Let n(p) = -1159*p + 143657. Determine n(124).
-59
Let z(g) = 9*g**3 + 7*g**2 + 29*g + 60. Give z(-3).
-207
Let v(d) = 2*d**2 + 1285*d + 17577. Determine v(-14).
-21
Let z(a) = 4*a**3 + a**2 - 27*a - 218. What is z(-6)?
-884
Let n(f) = -f**3 - 65*f**2 - 5405*f - 259801. Calculate n(-54).
-7
Let c(m) = -6*m**2 - 3021*m + 35511. What is c(-515)?
-24
Let a(c) = -505*c + 2339. Calculate a(6).
-691
Let n(h) = 592468*h - 2962169. Calculate n(5).
171
Let j(r) = -10887*r - 372. Give j(0).
-372
Let g(c) = -42*c**2 + 59583*c - 178381. Determine g(3).
-10
Let c(z) = z**3 - 323*z**2 + 1607*z - 5295. Determine c(318).
111
Let i(z) = 3*z**2 + 71*z - 16033. Calculate i(-86).
49
Let x(c) = c**3 + 37*c**2 + 184*c - 774. Calculate x(-30).
6
Let u(o) = -5270*o - 3009181. What is u(-571)?
-11
Let x(b) = b**3 + 74*b**2 + 92*b - 3406. Determine x(-72).
338
Let l(y) = -3674*y - 194703. Determine l(-53).
19
Let m(o) = -1695*o**2 - 149160*o - 119. Calculate m(-88).
-119
Let z(y) = 9*y**2 - 36*y - 2313. What is z(21)?
900
Let o(u) = 8*u**2 - 2*u - 298. What is o(-14)?
1298
Let k(s) = -2*s**3 - 59*s**2 + 26*s + 553. What is k(-30)?
673
Let z(x) = x**3 - 22*x**2 - 431*x + 129. Determine z(34).
-653
Let w(y) = 13*y**3 - 46*y**2 - 231*y + 482. What is w(2)?
-60
Let h(d) = -2568*d + 1258333. Calculate h(490).
13
Let l(g) = -2*g**2 + 13020*g - 530443. Give l(41).
15
Let d(o) = 81*o + 1661. What is d(-19)?
122
Let c(v) = 1071*v - 13446. Give c(11).
-1665
Let p(d) =